-7 - -2 - (1 - 9 - -8)) + 8 + -29?
-26
What is -2 - (-15 - (51 + -41))?
23
Calculate (30 - (40 + -5)) + 23.
18
What is -24 + 16 + 1 + (-19 - -14) + -2?
-14
What is the value of 1 + 19 + 1 + 0 + -7?
14
-3 + (145 - 170) + 4 + 14
-10
Evaluate 19 + (-87 - -34) - -56.
22
(3 - -18) + -17 + -4 + -19
-19
What is -18 - 0 - (1039 - 1043)?
-14
Calculate -2 + (1 - -1) - ((-13 - 1) + (-8 - -23)).
-1
What is the value of 1 + -52 + (-27 - -140)?
62
What is 94 + 8 + 7 - (-11 - (-17 - -9))?
112
What is 0 + (10 - 6) + 1 + (-16 - -44)?
33
Calculate 9 - (59 + -58) - (-3 - 18).
29
Evaluate (28 - (3 - (1 + 27 + -15))) + -4.
34
What is 48 - (-2 + -12 - -107)?
-45
What is -82 - (-25 + (0 - 25) + 28)?
-60
Evaluate (17 - 71 - -29 - 64) + 30.
-59
Calculate -37 + 28 + -37 + (-45 - -57).
-34
What is -21 + -17 + 65 - -109?
136
-14 + (-6 - -32 - -49) + 31
92
What is -57 - (32 + 55 + -113)?
-31
What is the value of (6 - -42) + (0 + (-11 - 0) - (52 + -54))?
39
What is -79 + (-49 - -127) + (52 - (-1 + 0))?
52
-43 - 2 - (-1818 - -1819)
-46
What is 14 - -27 - 5 - (-137 - -204)?
-31
Calculate -66 + 6 + (-2 - (-4 - -4)) - (-167 - -170).
-65
-3 + (16 - 6) + (5 - 26) - (25 + -115)
76
What is 91 + (-151 - -51) + -5?
-14
What is the value of 15 + 19 + (-32 - -3 - -7)?
12
Calculate 80 - ((57 - -31) + -40).
32
Calculate 27 + (-2 - 22 - (-67 + 51)) - 7.
12
What is the value of (1 - 1) + 8 + (110 - (-28 + 97))?
49
-18 + (38 - 96) + -28
-104
95 + 0 + (-3625 - -3578)
48
What is the value of 9 + (-3 + -10 - (5 - 14)) + 1 - -9?
15
Calculate -22 - -56 - -19 - 27.
26
What is the value of (-7 - (2 - 1)) + (7 - (50 + -31)) - 11?
-31
Calculate -8 + (-11 + 15 - (9 - -5)) - -9.
-9
171 + (113 - 271) + 68
81
What is (-11748 - -11669) + (1 + -1 - (-1 + 0)) + -2?
-80
What is 58 + 13 + -59 - 56?
-44
What is the value of -12 + (2 - 1) + (1826 - 1840)?
-25
Evaluate (95 - (12 - -3 - 8)) + (12 - 26).
74
What is (-27 - (30 + 16)) + 48?
-25
What is (13 - 5) + (-62 - -50) + 1 + (-3 - 10)?
-16
What is the value of 58 + -16 + (3 - -9)?
54
What is the value of (60 - -99) + -201 + 20 + -1?
-23
Calculate 55 + (0 - 29) - -10 - -50.
86
Calculate 1 - (-98 + (35 - -16)).
48
-217 - -241 - (27 - 3)
0
Calculate (-1751 - -1681) + (1 - -51).
-18
Evaluate -47 + (-43 - -79) + -14 + -89.
-114
Calculate (47 - 20 - 70) + 1.
-42
What is (-2 - 6) + -2 + (200 - 159) + -10?
21
What is the value of 32 + -8 + (-244 - -213)?
-7
What is 149 - (300 + -138) - -2?
-11
What is the value of 69 - (-8 + (111 - 54))?
20
-74 - ((9 - 6) + -15 + (-2 - (-7 - 6)))
-73
What is -3 + 16 + (19 - (-24 - -8) - -10)?
58
Evaluate -3 + -27 - ((43 - (-22 - -37)) + -20).
-38
What is (261 - 245) + (-1 + -6 - (-222 - -153))?
78
(-193 - -124) + 63 - (-48 - (1 + 0 + 0))
43
What is -15 + 3 + -7 + 17 + -32?
-34
Calculate 7 + (5 - 19 - (-26 + (50 - 28))).
-3
Evaluate -32 + 82 + 19 + -46.
23
What is the value of -33 + (8 - 5) - (-21 + 8 - -29)?
-46
Calculate 22 - -5 - (172 - 154) - (-1 - -43).
-33
What is the value of 23 - (-116 - (41 + -77))?
103
What is the value of 0 - (-93 - -1) - (-48057 - -48067)?
82
35 + -43 - (-1 + 9)
-16
Evaluate 0 + -2 + 5 + -26 + 78 + -20.
35
Evaluate 34 - ((-14 - -22) + -3 + 13).
16
-28 - (-41 - -13) - -11 - (14 + 1)
-4
What is the value of 60 + -2 - (1 - -47 - (-909 - -944))?
45
Evaluate (1 + -3 - -19) + (206 - 153) + -55.
15
What is ((-8 - 8 - -12) + 8 - 4) + 11?
11
Calculate -15282 - -15202 - (2 - 13 - 2).
-67
Evaluate -2 + 5 + (-73 - -70) + -21 + 16 + 1.
-4
Calculate 15 + -27 + 21 + 15.
24
What is the value of -14 - -2 - 30 - -80?
38
What is (31 - 58 - -115) + -39?
49
Calculate 3 + -14 + -60 + (0 - -11) + 12.
-48
(-12 - (-12 + 2)) + (5 - 87) + (2 - -4)
-78
What is 100 + -86 + (-18 - (9 - 3))?
-10
What is the value of -72 - (-4 + (7 - ((14 - 17) + -1)))?
-79
What is -1228 - -1229 - (-1 - (-3 + 3) - 13)?
15
What is the value of 1 + -51 + (-416 - -506)?
40
Evaluate (-14 - -18) + 3 + 4 + (4 - 8 - 6).
1
Evaluate -6 - (-4 + (-3 - (50 - -4)) + (35 - 33)).
53
What is the value of (0 - 3) + -10 - (28 - (51 - 16))?
-6
1 + -17 - (2 + 18)
-36
What is the value of -58 - -77 - (-3 - (-25 - 1))?
-4
What is (35 - 2) + (3 + 18 + 1 - 18)?
37
-46 - (-53 + (-40 - -68)) - (-85 + 0)
64
Calculate (1 + -1 + -11 - (-41 - (58 + -68))) + 3.
23
What is (-41 - 33) + 44 + 4?
-26
Evaluate 24 - (-12 - -22) - (6 - (-9 - -7)).
6
Calculate -205 + 227 + 2 + -34 - 19.
-29
What is (4 - -26) + 10 + -8?
32
Calculate 58 - (18 - (78 + -136)).
-18
(-218 - -283) + (1 + -22 - -3) + (-1 - 2)
44
What is (-3 - (-74 + 2 - -11)) + -3 - 11?
44
Evaluate -94 - -185 - 82 - (-2 + -54 + -1).
66
What is 4 + -1 + -21 + 15 - 20?
-23
Calculate (-68 + 171 - 105 - (0 - (6 + -1))) + 0.
3
What is the value of -34 + 124 + -89 - (0 + 41 - -2)?
-42
Calculate -30 + (32 - (-10 - -19)) + (28 - -9).
30
Calculate (186 - 189) + (0 - 7) + 9 - -9.
8
Calculate -34 + -2 - 11 - (0 - 43).
-4
1 - ((87 - 86) + (-7 - (0 + 6)))
13
What is (71 - 106 - 18) + (-2 - 14 - (-5 - -4))?
-68
Calculate (-57 - (-9 - (10 + -61))) + (0 - 23).
-122
What is -30 - (26 + -72 + 41)?
-25
What is the value of (44 - 21 - 21) + (-51 - (3 + -3))?
-49
-15 - (8 + -4 - -2) - (-9 + 18)
-30
(-13 - (-4 - (2 + -5 + 3))) + 2085 + -1990
86
What is the value of -143 - -166 - (-6 - (-5 + -7))?
17
-28 - (-31 - 0) - -9 - (2 - 3)
13
What is (-13 - (8 - 38)) + (-58 - -10)?
-31
What is the value of 12 - ((95 - 105) + (8 - 21))?
35
Calculate -7 + -10 + 0 + 18.
1
-21 + (63 - 5 - -19) - 21
35
Calculate -1 + 16 + -4 - (-41 + 29).
23
73 - -4 - (657 - 626)
46
What is -41 + 0 - (5 + (-18 - -15 - 10) - -15)?
-48
(-54 - -29) + (-13 - (-13 - -29))
-54
Calculate 10 - -2 - (45 - 31) - 63.
-65
89 + (0 + -14 - (116 - 120) - -20)
99
What is -19 + 17 + -25 + (-2 - -14 - -109)?
94
What is the value of (41 - -180) + -180 + 60 + 0?
101
What is -2 + (15 - (45 + -23 - -2)) - (0 - -57)?
-68
What is the value of (-48 - (-85 - -33)) + (1 - -57) - -2?
64
Calculate (-3 - (-13 + 24 + -2)) + (-1 - 13).
-26
Calculate -5 + 30 - (29 + 6 - 37).
27
What is the value of (1 + 4 - 5) + -19 + -54 + -11?
-84
What is (96 - (3 + -21 - -36)) + 14 + -5?
87
-38 + (55 - (14 - -24)) + 42
21
What is -4825 + 4801 - (-1 + 48)?
-71
-45 - (161 + -20 + -40)
-146
What is the value of (-51 + 48 - -31) + -78?
-50
8 + -4 + 13 + (-34 - (7 + -23))
-1
Evaluate (-1598 - -1515) + -3 + 19.
-67
Calculate 31 + (27 - ((-16 - -16) + 59)).
-1
What is (-54 - (5 + -70) - (-3 - (-16 - 0))) + -61?
-63
-59 + (-67 - -67 - (1 + (4 - 4) + -2))
-58
Evaluate -103 + 39 + 30 + -21.
-55
What is the value of -132 + 177 - (-5 + 10 + -1 + -12)?
53
Evaluate 50 + 10 + (14 + -10 - 6) + -21.
37
What is the value of -36 + -7 + -6 + 30 + -8?
-27
What is 29 + -77 + 8 + 13?
-27
12 + ((3 - -55) + -1 - 2 - (86 + -84))
65
Evaluate 23 + 4 + -8 + (-15 - (6 - 15)) + 72.
85
Calculate (9 + -2 - 10) + (-6 + -6 + -33 - 10).
-58
Evaluate 12 + (-22 - 95) + 25 + 2 + 5.
-73
22 + 0 + (-34 - -33) + -50 + 59
30
-9 + (-30 + -4 + -52 - 20)
-115
Calculate -31 + 0 - (-151 + 269 + -262).
113
What is the value of 28 - (215 + -59) - -248?
120
Evaluate 68 - (12 + 38 + -124).
142
What is 7 - (91 + 17 + -68)?
-33
Evaluate -25 + (16 - -15) - (78 - 20).
-52
What is 31 + (-1 - (-9 + 3)) + 6 + -24 + 9?
27
Calculate (-81 - (51 + -30)) + 77.
-25
What is the value of 6 - (-25 + -1 + (25 - 15 - 11) + -8)?
41
(6 - 9) + 1 + -1 - (93 + -26)
-70
Evaluate -1 + -31 - -70 - (-2 - -3).
37
29 - 27 - ((2 - -3) + 47 + -3 + -5)
-42
8 + (11 + -3 + -23 - -38)
31
Calculate -32 - (-21 - 23) - 52.
-40
Evaluate (2 - 48) + -129 + 151.
-24
Evaluate 3 + (-5 - ((-3 - -11) + -11) - 0).
1
Calculate (38 - 1) + -3 + (-10 + -2 + 24 - 6).
40
What is the value of (-6 + 153 - 90) + -9?
48
-16 - 7 - (23 + 6 + -48)
-4
(67 - 10 - -35) + 8
100
Calculate (2 - (35 + -65)) + -41.
-9
Calculate ((18 - 23) + 9 - (-7 + -51)) + -9.
53
Calculate -17 + (-70 - -77) + (50 - -1).
41
Calculate 35 + (-39 - 15) + 2 + 0 - 85.
-102
2 + -52 + 1 + -1 + 12 + -4
-42
(30 - 27) + (-9 - (1 - (-6 + 52)))
39
Calculate -31 + -12 - (-212 - -205).
-36
Evaluate (-4 + 1 - (-8 + 6)) + (-64 - -61).
-4
Calculate -36 + -5 + (20 - 7 - 21).
-49
What is the value of -39 + 33 + (-79 - -54)?
-31
What is 2 + (-11 - -6 - -6) - (-131 - -107)?
27
(80 - 0) + (-463 - -442) - (1 + 5)
53
Evaluate (28 - -8 - -15 - 37) + 4.
18
What is the value of -10 - (26